ulate t(a).
1
Let x(m) = -m**2 - 3*m - 2. Suppose 0 = -14*j + 9*j + 20. Suppose j*k = -14 - 30. Let h = k + 8. Give x(h).
-2
Let u(p) = -2*p**2 - 2*p - 6. Let i be u(4). Let h be 10/(-35) + i/(-14). Let g(l) = -l + 7. Give g(h).
4
Let p(t) = -t**3 + 5*t**2 + 5*t - 1. Let f(h) = -h. Let w be f(10). Let o = w + 16. Give p(o).
-7
Let p(n) = -n**3 + n**2 - 2. Let m(q) = 7*q**3 - q**2 + q + 17. Let a(t) = -m(t) - 5*p(t). Determine a(-3).
14
Let v = -94 + 142. Let q(h) = -44 - v + h**2 + h + 94. Suppose 0 = 5*k - 5, -x = k - 0*k + 1. Calculate q(x).
4
Let o be 2 - 4/(-4) - -1. Let i(p) be the second derivative of -p**4/6 + p**3 + 17*p. What is i(o)?
-8
Let j(d) be the second derivative of d**5/20 + d**4/6 + d**3/6 - 3*d**2/2 - 7*d - 4. What is j(-2)?
-5
Let c be (2*14/20)/(1/5). Let k be (-8)/(-4) - (1 - 0). Suppose -2*u - c = -k. Let t(z) = -z**3 - 3*z**2 + 3*z + 3. Calculate t(u).
-6
Let b(z) = 4*z**2 - 14*z - 2. Let d be 11 - ((-56)/(-4) + -7). Determine b(d).
6
Let o = -2618 - -2620. Let z(n) = -10*n**2 + 2*n. Determine z(o).
-36
Let q(x) be the second derivative of x**4/12 - 7*x**3/6 + 9*x**2/2 + x. Suppose 5*a = i - 1, 3*i + 2*a - 23 = -3. Suppose -30 = v - i*v. Give q(v).
3
Suppose -6*x - 2*w + 51 = -3*x, 5*x - 3*w - 104 = 0. Let f = -20 + x. Let o(r) = -13*r**2. Calculate o(f).
-13
Let w = 10 + -6. Let v be (w - -14)*3/6. Let q(s) = -1 - s**2 - 2*s + v*s - 4. Calculate q(5).
5
Let a(b) = b**2 + b**2 - 14*b - 4*b**2 - 16 + b**2. Let z be a(-12). Let m(y) = -z + 2 - 11*y - 2*y + 9*y. Calculate m(-4).
10
Let s(o) = 2*o**2 - 9*o + 6. Let r(v) = 5*v + 116. Let i be r(-22). What is s(i)?
24
Suppose -303*b + 310*b = 0. Let w(t) = -2*t**3 - t**2 - t. Let n be w(-1). Let i(r) = -3 + r - n*r - 1. Give i(b).
-4
Let c(y) = -y**3 + 7*y**2 - 2*y + 9. Let t be c(7). Let o(m) = 2*m + 2. Determine o(t).
-8
Let i(v) = 45*v**2 + 3*v + 14. Let b(r) = -17*r**2 - r - 5. Let f(q) = 8*b(q) + 3*i(q). Determine f(2).
0
Let o = -490 - -496. Let m(z) = z**3 - z**2 - z. Let s = -4 + 3. Let b(g) = -3*g**3 - 2*g**2 + 4*g + 6. Let k(n) = s*b(n) - 4*m(n). Give k(o).
-6
Let n(d) = 3*d**3 + 3*d - 15. Let u(f) = -f**3 - f + 7. Let v(q) = -2*n(q) - 5*u(q). Suppose -12*h = -6*h + 66. Let k be 2/(-16) + h/(-88). Calculate v(k).
-5
Let t(o) = -o - 4. Let u be t(-3). Let v(y) = -21*y**2 + 2*y + 1. What is v(u)?
-22
Let j(n) be the first derivative of -n + 1/3*n**3 + 4 - 3/2*n**4 + 0*n**2. Determine j(-1).
6
Let f(d) = 3*d - 6. Let p(u) = -u**3 + 4*u**2 - 3*u + 3. Let b be (-2)/3*(-6)/2. Let h be p(b). Suppose -h*a + 0*a + 20 = 0. Calculate f(a).
6
Suppose 6*n - n - 10 = 0. Suppose -n*a - 2 = 2*g, 0 = 4*g + 5*a - 8 + 17. Let p(u) = 8388*u + 0 + 0 - 8389*u. Give p(g).
-4
Suppose -442*f + 80 = -458*f. Let a(p) = -3 + 4*p**2 - 1 + p**3 - 5*p - 1. Calculate a(f).
-5
Let b(j) = j**2 + 5*j + 2. Let x(c) = -6*c + 6. Let k = 36 + -34. Let h be x(k). Give b(h).
8
Let j(c) = 3*c**2 + c - 3. Let d(q) = 2*q**2 + q - 3. Let i(v) = 4*d(v) - 3*j(v). Let k be (-2)/6 - (-1)/3. Determine i(k).
-3
Let l be (14 + -7)*(-6)/(-7). Let g(p) = -p**3 + 9*p**2 - 9*p + 10. Let a be g(8). Let y(c) = c**a + 0*c - 3*c - 2*c - 7 + 6. Give y(l).
5
Suppose -2*j - i = 69, 4*j - i + 0*i + 141 = 0. Let y(m) = m - 6. Let r(s) = 5*s - 35. Let t(f) = j*y(f) + 6*r(f). What is t(1)?
-5
Let n(l) = -3*l**3 - 3*l**2 + 5*l + 2. Let a(g) = -4*g**3 - 7*g**2 + 5*g + 1. Let t(r) = -2*a(r) + 3*n(r). What is t(6)?
-2
Suppose 3*w = 31 - 13. Let q be (-9)/(-12) + w/24. Let f(o) = -3*o + 3*o + 1 + 5*o. What is f(q)?
6
Suppose 3*p - 24 = -4*w - 3, -4*w + 19 = 5*p. Let x(m) = -3*m + w*m - 13 + 4 + 12. What is x(3)?
12
Let c(k) = k**2 + 5*k - 12. Let m be c(-7). Let r(i) = 0 - 4*i**2 - 1 - i**2 + 2*i**m + i**3. Calculate r(3).
-1
Let m = -288 - -285. Let i(k) = -k**2 - 3*k + 3. Determine i(m).
3
Let j = 0 - -3. Let t be (5 - 3)/(3/9). Let s(g) = -1. Let l(y) = -y + 8. Let x(u) = t*s(u) + l(u). What is x(j)?
-1
Let p be (48/((-3)/1))/(-2). Suppose -g + 5 - p = 0. Let o(i) = i**3 + 3*i**2 + i - 3. Give o(g).
-6
Suppose 6*z - 9 = 3*z. Let d(m) = -33 + 32 + 0*m - 3*m. Give d(z).
-10
Let b(t) = -3*t**3 + t**2 + t - 1. Suppose 15 = i + 14. Give b(i).
-2
Suppose -27 - 33 = 3*n. Let a = n + 19. Let c(t) = 5*t**2 + 2*t + 1. What is c(a)?
4
Let q(y) = -5*y**3 + 25*y**2 + 19*y + 28. Let m(v) = 9*v**3 - 49*v**2 - 38*v - 55. Let g(o) = -6*m(o) - 11*q(o). Determine g(-18).
4
Let d = 171 + -165. Let r(y) = y**3 - 5*y**2 - 5*y + 5. Give r(d).
11
Let n(r) = 2*r - 1. Let k(i) be the third derivative of -i**5/60 - i**4/24 + i**3/6 - 14*i**2. Let g be k(0). Calculate n(g).
1
Let i(b) = -3*b - 4. Suppose -5*m + 216 = 3*m. Suppose 0*f - m = -5*f + 4*z, 4*z - 8 = 0. Determine i(f).
-25
Let x(j) be the first derivative of -j**4/24 - 3*j**3/2 - 5*j**2 + 23. Let t(l) be the second derivative of x(l). Determine t(-7).
-2
Let c(p) = -p**3 + 6*p**2 + 6*p + 1. Let h(j) = -3*j**3 - 83*j**2 + 24*j - 105. Let t be h(-28). Give c(t).
-6
Let c = -2 - -4. Suppose 18*w = 19*w + c. Let l(t) = -2*t**2 - 4*t - 3. Determine l(w).
-3
Let b(w) be the first derivative of -w**4 - 2*w**3/3 + w**2/2 + 63. What is b(1)?
-5
Let v(r) = -7*r + 15. Let x(q) = 12*q - 28. Let o(s) = 7*v(s) + 4*x(s). Suppose 2*a = 5*d + 21, 7*a + 3*d = 2*a + 6. Let t = -8 + a. What is o(t)?
-2
Let o(k) = 3*k - 6. Suppose -2*a - 4*c = 14, -6*c = -a - 3*c - 2. What is o(a)?
-21
Let g(f) = 10*f + 14*f + 6 - 18*f + 0*f - f**2. Suppose h + 0 = 6. Give g(h).
6
Let s(b) = -b**3 + 3*b**2 + 5*b + 2. Suppose 4*q - 24 = -8. Determine s(q).
6
Suppose -20 = s + 5*a, a = 3*s + 3*a - 5. Suppose -m = -s*m. Let c(q) be the second derivative of -q**5/20 - q**3/6 - 3*q**2 + 124*q + 2. What is c(m)?
-6
Let s = 21 + -12. Let f = 267 + -223. Suppose 5*o = f - s. Let m(z) = z - 11. What is m(o)?
-4
Let w(c) = 5*c**3 + 12*c**2 - 3*c + 4. Let m(z) = 9*z**3 + 22*z**2 - 5*z + 8. Let v(l) = -4*m(l) + 7*w(l). What is v(-4)?
0
Let s(l) be the third derivative of -l**5/60 + l**4/12 + l**3/6 - 10*l**2. Suppose -6 = -v - 1. What is s(v)?
-14
Let k(p) = p**2 + p - 1. Suppose 175*c - 3 = 174*c. Calculate k(c).
11
Let c(k) = -9*k**2 + 2*k - 1. Let d = 1 + 1. Let x = -1173 - -1175. Suppose x*s + 0 = d. Determine c(s).
-8
Let c(k) = -2*k + 6. Suppose 0*l = -l - 62. Let d = l - -57. Give c(d).
16
Let p = 107 - 106. Let n(d) = 6*d**3 + 3*d**2 - 2*d - 1. Let h(q) = 5*q**3 + 4*q**2 - 3*q - 1. Let x(a) = 4*h(a) - 5*n(a). Give x(p).
-10
Let x(v) be the first derivative of v**6/360 + v**4/8 - 16*v**3/3 + 15. Let t(l) be the third derivative of x(l). Determine t(0).
3
Let b(v) = v**3 + 3*v + 3. Let s = 51 - 53. Calculate b(s).
-11
Suppose -2*j - 8 = -3*i, 4*j + 13*i = 14*i - 36. Let t(v) = -v**3 - 11*v**2 - 9*v + 17. Calculate t(j).
7
Let j(x) = 13*x**3 - x**2 + 2*x - 1. Let u be -6*184/(-1008) + 2/(-21). Give j(u).
13
Suppose 10 - 17 = -y. Suppose -y*k + 2*k = 3*v + 7, -k - v = 1. Let h(c) = -3*c + 2. Determine h(k).
8
Let z = -1 + 4. Let o(n) = -n**3 + 7*n**2 - 10*n + 3. Let f be o(5). Let p(y) = 7*y**2 + 2*y - 152*y**f + 151*y**3 + 3 - 5*y**2. What is p(z)?
0
Let l(x) be the first derivative of -x**3/3 + x**2/2 - x - 18. Let w = -8 - -13. Let p be 18/3 + (-15)/w. Determine l(p).
-7
Let u(k) = k**3 - k**2 - 4*k. Suppose 17*r + 32 = 21*r + 4*l, -2*r - l = -11. Give u(r).
6
Let q(s) = 6*s**2 - 2*s + 1. Suppose 0*b - 2 = b. Let x be (b - -2)/1 - 10/(-10). Determine q(x).
5
Let z(b) = 26*b**2 - 4 - 10*b**2 - 17*b**2 - b. Give z(0).
-4
Let q(w) be the first derivative of -w**3/3 + 3*w**2/2 - 5*w + 28. Let k = -1 - 1. Let p(d) = 2*d**2 - 6*d + 11. Let o(i) = k*p(i) - 5*q(i). Determine o(2).
1
Let w(h) = -2*h - 14. Let r be w(-7). Suppose r = -3*f + 7 + 2. Suppose 3*n - 8 = -4*z, -5*n - f = 2*z - 7. Let g(l) = -4*l**2 + 2*l + 1. Calculate g(z).
-11
Let i(t) = -t**3 - t**2 - t - 1. Let p(n) = -n**2 - n - 1. Let b(w) = i(w) + 5*p(w). Let q(m) = -5*m**2 - 9*m - 3. Let x be q(-2). Calculate b(x).
-1
Let k(i) = i**3 - 9*i**2 + 6*i + 1. Let n(r) = 4*r - 68. Let z be n(19). What is k(z)?
-15
Let n(v) = v + 9. Let w(q) = -q**2 - 2*q + 17. Let j be w(-6). What is n(j)?
2
Suppose 4*h - 4*p - 6 = -22, 4*h - 5*p = -18. Let d(z) = -3*z**2 - z + 2. Let l(u) = 1. Let t(m) = 2*d(m) - 2*l(m). What is t(h)?
-18
Let i(j) = -3*j - 1 - 1 + 3107*j**2 - 3098*j**2. Give i(-1).
1